1 - -1))*(-25)/f?
2, 3, 5
Let d(v) be the first derivative of v**3/3 - 7*v**2/2 + 3*v + 5. Let i be d(7). Let b = i - -36. What are the prime factors of b?
3, 13
Suppose 77*z + 21085 - 111329 = 0. What are the prime factors of z?
2, 293
Let m = -93 + 311. Suppose 13*c + m = 15*c. List the prime factors of c.
109
Suppose -3*a + 550 + 2149 = 5*d, 1800 = 2*a + 3*d. What are the prime factors of a?
3, 7, 43
Let f(z) be the first derivative of z**4 - 2*z**3/3 + 3*z**2/2 - z - 7. Let l be f(1). What are the prime factors of (-258)/(-12) - 6/l?
2, 5
Let j(y) = y**3 + 11*y**2 + y + 14. Let p be j(-11). Suppose m - 34 = 2*n - 3*n, -3*m - p = 0. Suppose -14*x + 9*x + n = 0. List the prime factors of x.
7
Let c be -2 + (-3 + 5 - 0). Suppose 0 = -c*l + 4*l + 100. List the prime factors of (30/l)/(1/(-5)).
2, 3
Suppose 16*w + 319 + 689 = 0. Let v = w + 67. What are the prime factors of v?
2
List the prime factors of 8/20 + 3186/10.
11, 29
List the prime factors of 279/((-82)/(-10) - 8).
3, 5, 31
Let l(g) = g**2 + g - 4. Let o be l(-6). Let p = o + -91. List the prime factors of ((-26)/p)/((-2)/(-170)).
2, 17
Let o(j) = 8*j**2 - 9*j + 43. What are the prime factors of o(4)?
3, 5
Let p(l) = -1290*l + 10. Let h be p(-1). Suppose 5*z + h = 10*z. List the prime factors of z.
2, 5, 13
Suppose 0 = 3*l + t - 5*t + 310, -2*l - 208 = -4*t. Let o = 209 + l. List the prime factors of o.
107
List the prime factors of (457 + 1)/((56/(-8))/(-7)).
2, 229
Suppose -3556 + 412 = -8*f. What are the prime factors of f?
3, 131
Suppose 18840 = -753*f + 765*f. What are the prime factors of f?
2, 5, 157
Let n = 5412 + -3523. What are the prime factors of n?
1889
What are the prime factors of 150 + -4 + (13 - 5 - 14)?
2, 5, 7
Let x(d) = -d**3 - 28*d**2 - 60*d - 23. List the prime factors of x(-29).
2, 1279
Let w(k) = k**2 - 5*k - 11. Let q be w(6). What are the prime factors of (-82)/q*(-35)/(-7)?
2, 41
Let r = -2011 + 2937. What are the prime factors of r?
2, 463
Suppose -1864 = -5*d - 144. What are the prime factors of d?
2, 43
Let l(b) = -b**2 - 9*b + 17. Let g(d) = 3*d**2 + 27*d - 52. Let i(v) = 3*g(v) + 8*l(v). What are the prime factors of i(-14)?
2, 5
Let i(v) = 510*v + 41. What are the prime factors of i(2)?
1061
Let b(i) = 57*i + 37. List the prime factors of b(5).
2, 7, 23
What are the prime factors of 1097/6 + (-28)/(-24)?
2, 23
Suppose 585 = 12*c - 10*c + 5*w, 573 = 2*c + w. What are the prime factors of c?
3, 5, 19
Let y = 10 + 3. Suppose 6 = y*r - 10*r. What are the prime factors of (-87 - -12)*r/(-6)?
5
Suppose 3*l - 10 = l. Suppose -4*x + 25 = l. Suppose -2*j = v - 40, -x*v = j - 338 + 129. What are the prime factors of v?
2, 3, 7
Let g be 0 - -3 - (-1 + 3). Let u(i) = 32*i**2 + 1. What are the prime factors of u(g)?
3, 11
Suppose 0*a + a = -4*w - 4, -2*w = 4. Suppose 5*q - a*g - 400 = q, -2*q - 2*g = -180. What are the prime factors of q?
5, 19
Let s(m) be the third derivative of m**4/12 + 16*m**3/3 - m**2. Let x be s(0). Let b = 50 - x. What are the prime factors of b?
2, 3
Suppose -5*v - 5*f + 75 = 0, 2*f - 5*f + 77 = 5*v. Suppose 2 = -n + v. Suppose m = l - 1 - 3, 4*m - n = -l. List the prime factors of l.
2, 3
Let c = -9 + 3. Let z(o) = -2*o + 9. Let t be z(c). Suppose -2*i + 57 = -t. What are the prime factors of i?
3, 13
Suppose -2*l - 2*t - 4 = 0, 0 = 3*l - 2*l - 2*t + 8. Let v be 4*((-1 - l) + -4). List the prime factors of v/6*(-63)/6.
7
Let j = -967 - -1054. List the prime factors of j.
3, 29
Suppose c - 6 = -0. Suppose -3*g + 285 = -n + c*n, -n = 2*g - 50. What are the prime factors of n?
2, 3, 5
Let p(m) = -m**2 + 25*m + 6. Let g = -7 + 25. What are the prime factors of p(g)?
2, 3, 11
Let g = 385 - -365. List the prime factors of g.
2, 3, 5
Let j(a) = -3*a**2 - 2*a + 1. Let s be j(1). List the prime factors of (2 - 17)/(s/28) - 1.
2, 13
Let p(i) = -1. Let f(h) = 32*h - 15. Let o(w) = -f(w) + 2*p(w). List the prime factors of o(-1).
3, 5
Suppose -5175 = -2*h - 4*z - 159, 0 = 5*h - 5*z - 12600. Suppose -w - f = -314, -h = -5*w - 4*f - 943. What are the prime factors of w?
317
Let v(t) = -4*t**3 - 5*t**2 + 3*t + 4. Let w(l) = -11*l**3 - 15*l**2 + 10*l + 13. Let c(a) = 7*v(a) - 2*w(a). What are the prime factors of c(-3)?
2, 29
Suppose -4 = -4*y - 0. Let d be 1/y - (0 + 0). What are the prime factors of (-4)/d + 43 + 22?
61
Let c = 148 + -84. Suppose -c = -2*s + 16. List the prime factors of s.
2, 5
Let u(i) = 2*i**2 + 7*i + 8. Let q be u(6). List the prime factors of 24/(-16) - q/(-4).
29
Let n be 1 + 2 - (3 - 4). Suppose -2*m = -n*m + 164. What are the prime factors of m?
2, 41
Let h(k) = 23*k**2 - 2*k - 4. Let f(t) = t. Let o(c) = 5*f(c) + h(c). What are the prime factors of o(2)?
2, 47
Let p(t) = t + 5. Let u be p(0). Suppose -5*n = -u*a - 140, 2*n - 28 = n - 4*a. What are the prime factors of n?
2, 7
Let z = -48 + 320. What are the prime factors of z?
2, 17
Suppose 89 = 5*x - 86. Suppose -2*k = x - 115. What are the prime factors of k?
2, 5
Suppose -3*x + 18 + 12 = 0. What are the prime factors of x/4*(1 - 23/(-5))?
2, 7
Let u = -155 + 441. Suppose 5*x - u = 169. List the prime factors of x.
7, 13
Let y be 3 + (4 + -9 - (-1 + -1)). List the prime factors of (3/(-3) + y)*(0 + -15).
3, 5
Suppose -r - 1739 = -5*r + k, 0 = -5*r - 4*k + 2158. What are the prime factors of r?
2, 7, 31
Let l(a) = 13*a**2 + 27*a - 9. List the prime factors of l(-8).
607
Let h(l) = 34*l + 1. Let c be h(4). Let z = 54 + -142. Let g = c + z. List the prime factors of g.
7
What are the prime factors of 29784/20 + (-2)/10?
1489
Suppose 0 = m + 2*m - 9. Suppose m*a + 110 = -2*a. Let w = -18 - a. What are the prime factors of w?
2
Let g(x) = x**3 - 9*x**2 - 9*x - 2. Suppose 2*n + 236 = 6*n. Suppose 5*f + 9 - n = 0. What are the prime factors of g(f)?
2
Let o = 3960 + -1020. What are the prime factors of o?
2, 3, 5, 7
Let q = -3 + 3. Suppose -4*r + 2*z + 65 = z, 3*r + 5*z - 20 = q. Suppose 0 = -7*b + r - 1. List the prime factors of b.
2
Let g = 3888 + -772. List the prime factors of g.
2, 19, 41
Let t(y) = 7*y + 4. Let d be t(0). Suppose 4*a = -16, -493 = -3*m + d*a - 42. List the prime factors of m.
5, 29
Let c be 24/5 - 11/(-55). Suppose -2 = c*k - 7, -p - 2*k = -65. List the prime factors of p.
3, 7
Let u = 458 + -266. Suppose 33*x = 35*x - u. What are the prime factors of x?
2, 3
Let w be (-2 + 1/((-20)/(-32)))*-5. Suppose 5*p + 164 = 5*j + 1514, -w*j = -4*p + 1072. What are the prime factors of p?
2, 7, 19
Let d = 53 - -330. What are the prime factors of d?
383
Let s(z) = -5*z**2 + 4*z - 16. Suppose 3*l - 18 = -0*l. Let v(b) = -6*b**2 + 3*b - 16. Let x(h) = l*v(h) - 7*s(h). What are the prime factors of x(-7)?
37
Let g(n) = 2*n**2 + 2*n + 2. Let j be g(-1). Let u be (1*-2)/(1/j). List the prime factors of ((-102)/(-15))/(u/(-10)).
17
Suppose 5*h = 5, 5*m - 3282 = -h - h. What are the prime factors of m?
2, 41
Suppose -4*g - 5*t = -520, 403 = 4*g + 3*t - 109. What are the prime factors of g?
5
Let s(f) be the second derivative of -f**5/20 + f**4/3 + 7*f. Let v be s(3). What are the prime factors of (-157)/(-4) - v/(-12)?
2, 5
Let v be (1 + (-34)/(-10))/((-14)/(-35)). Let i = 69 - v. What are the prime factors of i?
2, 29
Let i = -11782 + 17162. List the prime factors of i.
2, 5, 269
Suppose -30 = 4*f - 114. Let r be 13/3 + (-7)/f. Suppose -l - 3*q - 48 = -r*l, -4*l + 2*q + 68 = 0. What are the prime factors of l?
2, 3
What are the prime factors of 5/(-7) - -1 - (-73094)/49?
2, 373
What are the prime factors of ((-122)/(-183))/((-1)/(-4812))?
2, 401
Let o(h) = h**2 - h - 17. Let z be o(6). What are the prime factors of (z + -15)/(1/(-24))?
2, 3
Suppose -4*j + 12 = -412. Let o = -75 + j. List the prime factors of o.
31
Let n = -1031 + 2785. What are the prime factors of n?
2, 877
Let d = -12 - -18. Let a be (7 - 3)*3/d. Suppose -106 = a*x - 4*x. What are the prime factors of x?
53
Let y be (-15)/(-4) - (-11)/44. Let k(s) = 0*s + 3*s - 2 - 2. What are the prime factors of k(y)?
2
Suppose -z + 88 = -332. Suppose -5*m - m + z = 0. What are the prime factors of m?
2, 5, 7
Suppose -2420 - 2260 = -26*n. What are the prime factors of n?
2, 3, 5
Let h be (2275/(-105))/(-1 + (-43)/(-42)). List the prime factors of ((-34)/5 + 2)/(39/h).
2, 7
Let n = -643 - -2155. What are the prime fact